{"id":4500,"date":"2024-10-10T13:15:47","date_gmt":"2024-10-10T11:15:47","guid":{"rendered":"https:\/\/laube.mobi\/?post_type=mec-events&#038;p=4500"},"modified":"2024-10-10T13:40:51","modified_gmt":"2024-10-10T11:40:51","slug":"jornada-patt24","status":"publish","type":"mec-events","link":"https:\/\/laube.mobi\/es\/events\/jornada-patt24\/","title":{"rendered":"Gesti\u00f3 agroforestal i ramaderia extensiva a l\u2019entorn del paratge natural de La Picossa"},"content":{"rendered":"<p>El\u00a0pr\u00f2xim 22\u00a0d&#8217;octubre a les 9:30\u202fh realitzarem una jornada\u00a0PATT\u00a0sobre gesti\u00f3 agroforestal i ramaderia extensiva\u00a0a l&#8217;entorn del paratge natural de La\u00a0Picossa.<\/p>\n<p>Aquesta jornada busca donar resposta a alguns dels reptes adaptatius als quals s&#8217;enfronten els boscos catalans a causa de l&#8217;abandonament dels espais agroforestals. Aix\u00f2 ha comportat la p\u00e8rdua de biodiversitat i degradaci\u00f3 d&#8217;ecosistemes, i la pres\u00e8ncia de boscos cada vegada menys resilients i m\u00e9s vulnerables als incendis. La ramaderia extensiva i la gesti\u00f3 agroforestal poden ajudar a revertir aquesta situaci\u00f3.<\/p>\n<p>Els espais agraris d&#8217;aquest entorn contenen, a m\u00e9s, desenes d&#8217;oliveres mil\u00b7len\u00e0ries que s&#8217;han de protegir ubicades en l&#8217;entorn d&#8217;espais del Memorial de la Batalla de l&#8217;Ebre.<\/p>\n<p>En la jornada tamb\u00e9 es donaran a con\u00e8ixer tres experi\u00e8ncies de ramaderia extensiva en mitja muntanya interior: un ramat ov\u00ed, un cabrum i un bov\u00ed.<br \/>\nAquesta jornada\u00a0\u00e9s organitzada\u00a0per la\u00a0XCN, amb la col\u00b7laboraci\u00f3 del Mol\u00ed del Fort, Ajuntament de M\u00f3ra la Nova, l&#8217;Ajuntament de M\u00f3ra d&#8217;Ebre i els Espais Test Agraris de Gandesa.<\/p>\n<p>\u00c9s necess\u00e0ria inscripci\u00f3 pr\u00e8via a trav\u00e9s de l&#8217;enlla\u00e7 que trobareu a la nostra biografia.<\/p>\n<p>Us hi esperem!<\/p>\n<p>&nbsp;<\/p>","protected":false},"excerpt":{"rendered":"<p>El\u00a0pr\u00f2xim 22\u00a0d&#8217;octubre a les 9:30\u202fh realitzarem una jornada\u00a0PATT\u00a0sobre gesti\u00f3 agroforestal  [&#8230;]<\/p>\n","protected":false},"author":3,"featured_media":4510,"comment_status":"closed","ping_status":"closed","template":"","tags":[],"mec_category":[],"class_list":["post-4500","mec-events","type-mec-events","status-publish","has-post-thumbnail","hentry"],"yoast_head":"<!-- This site is optimized with the Yoast SEO plugin v27.5 - https:\/\/yoast.com\/product\/yoast-seo-wordpress\/ -->\n<title>Gesti\u00f3 agroforestal i ramaderia extensiva a l\u2019entorn del paratge natural de La Picossa - L&#039;Aube<\/title>\n<meta name=\"robots\" content=\"index, follow, max-snippet:-1, max-image-preview:large, max-video-preview:-1\" \/>\n<link rel=\"canonical\" href=\"https:\/\/laube.mobi\/es\/events\/jornada-patt24\/\" \/>\n<meta property=\"og:locale\" content=\"es_ES\" \/>\n<meta property=\"og:type\" content=\"article\" \/>\n<meta property=\"og:title\" content=\"Gesti\u00f3 agroforestal i ramaderia extensiva a l\u2019entorn del paratge natural de La Picossa - L&#039;Aube\" \/>\n<meta property=\"og:description\" content=\"El\u00a0pr\u00f2xim 22\u00a0d&#8217;octubre a les 9:30\u202fh realitzarem una jornada\u00a0PATT\u00a0sobre gesti\u00f3 agroforestal [...]\" \/>\n<meta property=\"og:url\" content=\"https:\/\/laube.mobi\/es\/events\/jornada-patt24\/\" \/>\n<meta property=\"og:site_name\" content=\"L&#039;Aube\" \/>\n<meta property=\"article:modified_time\" content=\"2024-10-10T11:40:51+00:00\" \/>\n<meta name=\"twitter:card\" content=\"summary_large_image\" \/>\n<meta name=\"twitter:label1\" content=\"Tiempo de lectura\" \/>\n\t<meta name=\"twitter:data1\" content=\"2 minutos\" \/>\n<script type=\"application\/ld+json\" class=\"yoast-schema-graph\">{\"@context\":\"https:\\\/\\\/schema.org\",\"@graph\":[{\"@type\":\"WebPage\",\"@id\":\"https:\\\/\\\/laube.mobi\\\/events\\\/jornada-patt24\\\/\",\"url\":\"https:\\\/\\\/laube.mobi\\\/events\\\/jornada-patt24\\\/\",\"name\":\"Gesti\u00f3 agroforestal i ramaderia extensiva a l\u2019entorn del paratge natural de La Picossa - L&#039;Aube\",\"isPartOf\":{\"@id\":\"https:\\\/\\\/laube.mobi\\\/#website\"},\"primaryImageOfPage\":{\"@id\":\"https:\\\/\\\/laube.mobi\\\/events\\\/jornada-patt24\\\/#primaryimage\"},\"image\":{\"@id\":\"https:\\\/\\\/laube.mobi\\\/events\\\/jornada-patt24\\\/#primaryimage\"},\"thumbnailUrl\":\"https:\\\/\\\/laube.mobi\\\/wp-content\\\/uploads\\\/2024\\\/10\\\/Mora-la-Nova_ramaderia-extensiva_2210_240151_-1-pdf.jpg\",\"datePublished\":\"2024-10-10T11:15:47+00:00\",\"dateModified\":\"2024-10-10T11:40:51+00:00\",\"breadcrumb\":{\"@id\":\"https:\\\/\\\/laube.mobi\\\/events\\\/jornada-patt24\\\/#breadcrumb\"},\"inLanguage\":\"es\",\"potentialAction\":[{\"@type\":\"ReadAction\",\"target\":[\"https:\\\/\\\/laube.mobi\\\/events\\\/jornada-patt24\\\/\"]}]},{\"@type\":\"ImageObject\",\"inLanguage\":\"es\",\"@id\":\"https:\\\/\\\/laube.mobi\\\/events\\\/jornada-patt24\\\/#primaryimage\",\"url\":\"https:\\\/\\\/laube.mobi\\\/wp-content\\\/uploads\\\/2024\\\/10\\\/Mora-la-Nova_ramaderia-extensiva_2210_240151_-1-pdf.jpg\",\"contentUrl\":\"https:\\\/\\\/laube.mobi\\\/wp-content\\\/uploads\\\/2024\\\/10\\\/Mora-la-Nova_ramaderia-extensiva_2210_240151_-1-pdf.jpg\"},{\"@type\":\"BreadcrumbList\",\"@id\":\"https:\\\/\\\/laube.mobi\\\/events\\\/jornada-patt24\\\/#breadcrumb\",\"itemListElement\":[{\"@type\":\"ListItem\",\"position\":1,\"name\":\"Inici\",\"item\":\"https:\\\/\\\/laube.mobi\\\/\"},{\"@type\":\"ListItem\",\"position\":2,\"name\":\"Esdeveniments\",\"item\":\"https:\\\/\\\/laube.mobi\\\/events\\\/\"},{\"@type\":\"ListItem\",\"position\":3,\"name\":\"Gesti\u00f3 agroforestal i ramaderia extensiva a l\u2019entorn del paratge natural de La Picossa\"}]},{\"@type\":\"WebSite\",\"@id\":\"https:\\\/\\\/laube.mobi\\\/#website\",\"url\":\"https:\\\/\\\/laube.mobi\\\/\",\"name\":\"L&#039;Aube\",\"description\":\"Entorn Natural, Salut i Societat\",\"potentialAction\":[{\"@type\":\"SearchAction\",\"target\":{\"@type\":\"EntryPoint\",\"urlTemplate\":\"https:\\\/\\\/laube.mobi\\\/?s={search_term_string}\"},\"query-input\":{\"@type\":\"PropertyValueSpecification\",\"valueRequired\":true,\"valueName\":\"search_term_string\"}}],\"inLanguage\":\"es\"}]}<\/script>\n<!-- \/ Yoast SEO plugin. -->","yoast_head_json":{"title":"Gesti\u00f3 agroforestal i ramaderia extensiva a l\u2019entorn del paratge natural de La Picossa - L&#039;Aube","robots":{"index":"index","follow":"follow","max-snippet":"max-snippet:-1","max-image-preview":"max-image-preview:large","max-video-preview":"max-video-preview:-1"},"canonical":"https:\/\/laube.mobi\/es\/events\/jornada-patt24\/","og_locale":"es_ES","og_type":"article","og_title":"Gesti\u00f3 agroforestal i ramaderia extensiva a l\u2019entorn del paratge natural de La Picossa - L&#039;Aube","og_description":"El\u00a0pr\u00f2xim 22\u00a0d&#8217;octubre a les 9:30\u202fh realitzarem una jornada\u00a0PATT\u00a0sobre gesti\u00f3 agroforestal [...]","og_url":"https:\/\/laube.mobi\/es\/events\/jornada-patt24\/","og_site_name":"L&#039;Aube","article_modified_time":"2024-10-10T11:40:51+00:00","twitter_card":"summary_large_image","twitter_misc":{"Tiempo de lectura":"2 minutos"},"schema":{"@context":"https:\/\/schema.org","@graph":[{"@type":"WebPage","@id":"https:\/\/laube.mobi\/events\/jornada-patt24\/","url":"https:\/\/laube.mobi\/events\/jornada-patt24\/","name":"Gesti\u00f3 agroforestal i ramaderia extensiva a l\u2019entorn del paratge natural de La Picossa - L&#039;Aube","isPartOf":{"@id":"https:\/\/laube.mobi\/#website"},"primaryImageOfPage":{"@id":"https:\/\/laube.mobi\/events\/jornada-patt24\/#primaryimage"},"image":{"@id":"https:\/\/laube.mobi\/events\/jornada-patt24\/#primaryimage"},"thumbnailUrl":"https:\/\/laube.mobi\/wp-content\/uploads\/2024\/10\/Mora-la-Nova_ramaderia-extensiva_2210_240151_-1-pdf.jpg","datePublished":"2024-10-10T11:15:47+00:00","dateModified":"2024-10-10T11:40:51+00:00","breadcrumb":{"@id":"https:\/\/laube.mobi\/events\/jornada-patt24\/#breadcrumb"},"inLanguage":"es","potentialAction":[{"@type":"ReadAction","target":["https:\/\/laube.mobi\/events\/jornada-patt24\/"]}]},{"@type":"ImageObject","inLanguage":"es","@id":"https:\/\/laube.mobi\/events\/jornada-patt24\/#primaryimage","url":"https:\/\/laube.mobi\/wp-content\/uploads\/2024\/10\/Mora-la-Nova_ramaderia-extensiva_2210_240151_-1-pdf.jpg","contentUrl":"https:\/\/laube.mobi\/wp-content\/uploads\/2024\/10\/Mora-la-Nova_ramaderia-extensiva_2210_240151_-1-pdf.jpg"},{"@type":"BreadcrumbList","@id":"https:\/\/laube.mobi\/events\/jornada-patt24\/#breadcrumb","itemListElement":[{"@type":"ListItem","position":1,"name":"Inici","item":"https:\/\/laube.mobi\/"},{"@type":"ListItem","position":2,"name":"Esdeveniments","item":"https:\/\/laube.mobi\/events\/"},{"@type":"ListItem","position":3,"name":"Gesti\u00f3 agroforestal i ramaderia extensiva a l\u2019entorn del paratge natural de La Picossa"}]},{"@type":"WebSite","@id":"https:\/\/laube.mobi\/#website","url":"https:\/\/laube.mobi\/","name":"\"L'Aube\"","description":"Entorno Natural, Salud y Sociedad","potentialAction":[{"@type":"SearchAction","target":{"@type":"EntryPoint","urlTemplate":"https:\/\/laube.mobi\/?s={search_term_string}"},"query-input":{"@type":"PropertyValueSpecification","valueRequired":true,"valueName":"search_term_string"}}],"inLanguage":"es"}]}},"_links":{"self":[{"href":"https:\/\/laube.mobi\/es\/wp-json\/wp\/v2\/mec-events\/4500","targetHints":{"allow":["GET"]}}],"collection":[{"href":"https:\/\/laube.mobi\/es\/wp-json\/wp\/v2\/mec-events"}],"about":[{"href":"https:\/\/laube.mobi\/es\/wp-json\/wp\/v2\/types\/mec-events"}],"author":[{"embeddable":true,"href":"https:\/\/laube.mobi\/es\/wp-json\/wp\/v2\/users\/3"}],"replies":[{"embeddable":true,"href":"https:\/\/laube.mobi\/es\/wp-json\/wp\/v2\/comments?post=4500"}],"wp:featuredmedia":[{"embeddable":true,"href":"https:\/\/laube.mobi\/es\/wp-json\/wp\/v2\/media\/4510"}],"wp:attachment":[{"href":"https:\/\/laube.mobi\/es\/wp-json\/wp\/v2\/media?parent=4500"}],"wp:term":[{"taxonomy":"post_tag","embeddable":true,"href":"https:\/\/laube.mobi\/es\/wp-json\/wp\/v2\/tags?post=4500"},{"taxonomy":"mec_category","embeddable":true,"href":"https:\/\/laube.mobi\/es\/wp-json\/wp\/v2\/mec_category?post=4500"}],"curies":[{"name":"wp","href":"https:\/\/api.w.org\/{rel}","templated":true}]}}

Gestió agroforestal i ramaderia extensiva a l’entorn del paratge natural de La Picossa

<p>El pròxim 22 d&#8217;octubre a les 9:30 h realitzarem una jornada PATT sobre gestió agroforestal i ramaderia extensiva a l&#8217;entorn del paratge natural de La Picossa.</p>
<p>Aquesta jornada busca donar resposta a alguns dels reptes adaptatius als quals s&#8217;enfronten els boscos catalans a causa de l&#8217;abandonament dels espais agroforestals. Això ha comportat la pèrdua de biodiversitat i degradació d&#8217;ecosistemes, i la presència de boscos cada vegada menys resilients i més vulnerables als incendis. La ramaderia extensiva i la gestió agroforestal poden ajudar a revertir aquesta situació.</p>
<p>Els espais agraris d&#8217;aquest entorn contenen, a més, desenes d&#8217;oliveres mil·lenàries que s&#8217;han de protegir ubicades en l&#8217;entorn d&#8217;espais del Memorial de la Batalla de l&#8217;Ebre.</p>
<p>En la jornada també es donaran a conèixer tres experiències de ramaderia extensiva en mitja muntanya interior: un ramat oví, un cabrum i un boví.<br />
Aquesta jornada és organitzada per la XCN, amb la col·laboració del Molí del Fort, Ajuntament de Móra la Nova, l&#8217;Ajuntament de Móra d&#8217;Ebre i els Espais Test Agraris de Gandesa.</p>
<p>És necessària inscripció prèvia a través de l&#8217;enllaç que trobareu a la nostra biografia.</p>
<p>Us hi esperem!</p>
<p>&nbsp;</p>

<p>El pròxim 22 d&#8217;octubre a les 9:30 h realitzarem una jornada PATT sobre gestió agroforestal  [&#8230;]</p>

<!-- This site is optimized with the Yoast SEO plugin v27.5 - https://yoast.com/product/yoast-seo-wordpress/ -->
<title>Gestió agroforestal i ramaderia extensiva a l’entorn del paratge natural de La Picossa - L&#039;Aube</title>
<meta name="robots" content="index, follow, max-snippet:-1, max-image-preview:large, max-video-preview:-1" />
<link rel="canonical" href="https://laube.mobi/es/events/jornada-patt24/" />
<meta property="og:locale" content="es_ES" />
<meta property="og:type" content="article" />
<meta property="og:title" content="Gestió agroforestal i ramaderia extensiva a l’entorn del paratge natural de La Picossa - L&#039;Aube" />
<meta property="og:description" content="El pròxim 22 d&#8217;octubre a les 9:30 h realitzarem una jornada PATT sobre gestió agroforestal [...]" />
<meta property="og:url" content="https://laube.mobi/es/events/jornada-patt24/" />
<meta property="og:site_name" content="L&#039;Aube" />
<meta property="article:modified_time" content="2024-10-10T11:40:51+00:00" />
<meta name="twitter:card" content="summary_large_image" />
<meta name="twitter:label1" content="Tiempo de lectura" />
	<meta name="twitter:data1" content="2 minutos" />
<script type="application/ld+json" class="yoast-schema-graph">{"@context":"https:\/\/schema.org","@graph":[{"@type":"WebPage","@id":"https:\/\/laube.mobi\/events\/jornada-patt24\/","url":"https:\/\/laube.mobi\/events\/jornada-patt24\/","name":"Gestió agroforestal i ramaderia extensiva a l’entorn del paratge natural de La Picossa - L&#039;Aube","isPartOf":{"@id":"https:\/\/laube.mobi\/#website"},"primaryImageOfPage":{"@id":"https:\/\/laube.mobi\/events\/jornada-patt24\/#primaryimage"},"image":{"@id":"https:\/\/laube.mobi\/events\/jornada-patt24\/#primaryimage"},"thumbnailUrl":"https:\/\/laube.mobi\/wp-content\/uploads\/2024\/10\/Mora-la-Nova_ramaderia-extensiva_2210_240151_-1-pdf.jpg","datePublished":"2024-10-10T11:15:47+00:00","dateModified":"2024-10-10T11:40:51+00:00","breadcrumb":{"@id":"https:\/\/laube.mobi\/events\/jornada-patt24\/#breadcrumb"},"inLanguage":"es","potentialAction":[{"@type":"ReadAction","target":["https:\/\/laube.mobi\/events\/jornada-patt24\/"]}]},{"@type":"ImageObject","inLanguage":"es","@id":"https:\/\/laube.mobi\/events\/jornada-patt24\/#primaryimage","url":"https:\/\/laube.mobi\/wp-content\/uploads\/2024\/10\/Mora-la-Nova_ramaderia-extensiva_2210_240151_-1-pdf.jpg","contentUrl":"https:\/\/laube.mobi\/wp-content\/uploads\/2024\/10\/Mora-la-Nova_ramaderia-extensiva_2210_240151_-1-pdf.jpg"},{"@type":"BreadcrumbList","@id":"https:\/\/laube.mobi\/events\/jornada-patt24\/#breadcrumb","itemListElement":[{"@type":"ListItem","position":1,"name":"Inici","item":"https:\/\/laube.mobi\/"},{"@type":"ListItem","position":2,"name":"Esdeveniments","item":"https:\/\/laube.mobi\/events\/"},{"@type":"ListItem","position":3,"name":"Gestió agroforestal i ramaderia extensiva a l’entorn del paratge natural de La Picossa"}]},{"@type":"WebSite","@id":"https:\/\/laube.mobi\/#website","url":"https:\/\/laube.mobi\/","name":"L&#039;Aube","description":"Entorn Natural, Salut i Societat","potentialAction":[{"@type":"SearchAction","target":{"@type":"EntryPoint","urlTemplate":"https:\/\/laube.mobi\/?s={search_term_string}"},"query-input":{"@type":"PropertyValueSpecification","valueRequired":true,"valueName":"search_term_string"}}],"inLanguage":"es"}]}</script>
<!-- / Yoast SEO plugin. -->

Gestió agroforestal i ramaderia extensiva a l’entorn del paratge natural de La Picossa - L&#039;Aube

El pròxim 22 d&#8217;octubre a les 9:30 h realitzarem una jornada PATT sobre gestió agroforestal [...]
